{"version":"1.0","provider_name":"Autohaus Schmid Waldkirch","provider_url":"https:\/\/gruene-flotte.com\/autohaus-schmid-waldkirch","author_name":"khri8","author_url":"https:\/\/gruene-flotte.com\/autohaus-schmid-waldkirch\/author\/khri8\/","title":"Kfz-Mechatroniker:in (m\/w\/d) - Autohaus Schmid Waldkirch","type":"rich","width":600,"height":338,"html":"<blockquote class=\"wp-embedded-content\" data-secret=\"jNQq4lo4OR\"><a href=\"https:\/\/gruene-flotte.com\/autohaus-schmid-waldkirch\/2024\/04\/15\/kfz-mechatronikerin-m-w-d\/\">Kfz-Mechatroniker:in (m\/w\/d)<\/a><\/blockquote><iframe sandbox=\"allow-scripts\" security=\"restricted\" src=\"https:\/\/gruene-flotte.com\/autohaus-schmid-waldkirch\/2024\/04\/15\/kfz-mechatronikerin-m-w-d\/embed\/#?secret=jNQq4lo4OR\" width=\"600\" height=\"338\" title=\"&#8222;Kfz-Mechatroniker:in (m\/w\/d)&#8220; &#8212; Autohaus Schmid Waldkirch\" data-secret=\"jNQq4lo4OR\" frameborder=\"0\" marginwidth=\"0\" marginheight=\"0\" scrolling=\"no\" class=\"wp-embedded-content\"><\/iframe><script type=\"text\/javascript\">\n\/* <![CDATA[ *\/\n\/*! This file is auto-generated *\/\n!function(d,l){\"use strict\";l.querySelector&&d.addEventListener&&\"undefined\"!=typeof URL&&(d.wp=d.wp||{},d.wp.receiveEmbedMessage||(d.wp.receiveEmbedMessage=function(e){var t=e.data;if((t||t.secret||t.message||t.value)&&!\/[^a-zA-Z0-9]\/.test(t.secret)){for(var s,r,n,a=l.querySelectorAll('iframe[data-secret=\"'+t.secret+'\"]'),o=l.querySelectorAll('blockquote[data-secret=\"'+t.secret+'\"]'),c=new RegExp(\"^https?:$\",\"i\"),i=0;i<o.length;i++)o[i].style.display=\"none\";for(i=0;i<a.length;i++)s=a[i],e.source===s.contentWindow&&(s.removeAttribute(\"style\"),\"height\"===t.message?(1e3<(r=parseInt(t.value,10))?r=1e3:~~r<200&&(r=200),s.height=r):\"link\"===t.message&&(r=new URL(s.getAttribute(\"src\")),n=new URL(t.value),c.test(n.protocol))&&n.host===r.host&&l.activeElement===s&&(d.top.location.href=t.value))}},d.addEventListener(\"message\",d.wp.receiveEmbedMessage,!1),l.addEventListener(\"DOMContentLoaded\",function(){for(var e,t,s=l.querySelectorAll(\"iframe.wp-embedded-content\"),r=0;r<s.length;r++)(t=(e=s[r]).getAttribute(\"data-secret\"))||(t=Math.random().toString(36).substring(2,12),e.src+=\"#?secret=\"+t,e.setAttribute(\"data-secret\",t)),e.contentWindow.postMessage({message:\"ready\",secret:t},\"*\")},!1)))}(window,document);\n\/* ]]> *\/\n<\/script>\n","description":"Das Team Autohaus Schmid sucht Verst\u00e4rkung in Vollzeit! Als zertifizierter Ford-H\u00e4ndler in Waldkirch, BMW-Mini-Service-Partner in Elzach und mit unserem Carsharing Gr\u00fcne Flotte bieten wir ein breites Portfolio und ein innovatives Arbeitsumfeld. Sie k\u00f6nnen bei Reparaturen gar nicht fr\u00fch genug selbst Hand anlegen und nichts macht Sie zufriedener, als Dinge wieder instand zu setzen, um unseren [&hellip;]"}

Das Team Autohaus Schmid sucht Verstärkung in Vollzeit! Als zertifizierter Ford-Händler in Waldkirch, BMW-Mini-Service-Partner in Elzach und mit unserem Carsharing Grüne Flotte bieten wir ein breites Portfolio und ein innovatives Arbeitsumfeld. Sie können bei Reparaturen gar nicht früh genug selbst Hand anlegen und nichts macht Sie zufriedener, als Dinge wieder instand zu setzen, um unseren [&hellip;]
